 is divided by 84?
17
What is the remainder when 194 is divided by 49?
47
Calculate the remainder when 3581 is divided by 14.
11
Calculate the remainder when 90 is divided by 27.
9
Calculate the remainder when 58 is divided by 5.
3
Calculate the remainder when 49 is divided by 17.
15
What is the remainder when 150 is divided by 55?
40
Calculate the remainder when 3993 is divided by 137.
20
Calculate the remainder when 3358 is divided by 57.
52
What is the remainder when 123 is divided by 44?
35
What is the remainder when 41 is divided by 21?
20
What is the remainder when 124 is divided by 19?
10
Calculate the remainder when 170 is divided by 48.
26
What is the remainder when 6378 is divided by 2124?
6
Calculate the remainder when 118 is divided by 45.
28
What is the remainder when 206 is divided by 165?
41
Calculate the remainder when 1240 is divided by 38.
24
Calculate the remainder when 781 is divided by 34.
33
What is the remainder when 2127 is divided by 38?
37
What is the remainder when 403 is divided by 72?
43
What is the remainder when 130 is divided by 29?
14
What is the remainder when 257 is divided by 30?
17
Calculate the remainder when 88 is divided by 25.
13
Calculate the remainder when 592 is divided by 55.
42
Calculate the remainder when 290 is divided by 3.
2
Calculate the remainder when 49136 is divided by 79.
77
Calculate the remainder when 79 is divided by 34.
11
What is the remainder when 116 is divided by 72?
44
What is the remainder when 315 is divided by 53?
50
What is the remainder when 3398 is divided by 19?
16
What is the remainder when 670 is divided by 379?
291
What is the remainder when 229 is divided by 111?
7
Calculate the remainder when 1814 is divided by 15.
14
What is the remainder when 330 is divided by 106?
12
What is the remainder when 560 is divided by 51?
50
Calculate the remainder when 10734 is divided by 11.
9
Calculate the remainder when 748 is divided by 189.
181
Calculate the remainder when 300 is divided by 51.
45
What is the remainder when 506 is divided by 39?
38
Calculate the remainder when 91 is divided by 11.
3
What is the remainder when 236 is divided by 60?
56
What is the remainder when 29828 is divided by 19?
17
Calculate the remainder when 5356 is divided by 35.
1
What is the remainder when 117 is divided by 34?
15
Calculate the remainder when 2091 is divided by 1036.
19
Calculate the remainder when 4754 is divided by 1582.
8
Calculate the remainder when 1223 is divided by 219.
128
What is the remainder when 91 is divided by 1?
0
Calculate the remainder when 53 is divided by 7.
4
Calculate the remainder when 56 is divided by 24.
8
Calculate the remainder when 26 is divided by 15.
11
Calculate the remainder when 9838 is divided by 193.
188
Calculate the remainder when 933 is divided by 42.
9
Calculate the remainder when 287 is divided by 6.
5
What is the remainder when 234 is divided by 104?
26
What is the remainder when 4141 is divided by 109?
108
Calculate the remainder when 134 is divided by 66.
2
Calculate the remainder when 406 is divided by 51.
49
What is the remainder when 2015 is divided by 112?
111
What is the remainder when 53 is divided by 1?
0
What is the remainder when 916 is divided by 306?
304
Calculate the remainder when 185 is divided by 56.
17
Calculate the remainder when 243 is divided by 83.
77
Calculate the remainder when 82 is divided by 22.
16
Calculate the remainder when 8909 is divided by 67.
65
What is the remainder when 619 is divided by 26?
21
Calculate the remainder when 109 is divided by 48.
13
Calculate the remainder when 183 is divided by 66.
51
What is the remainder when 757 is divided by 68?
9
What is the remainder when 544 is divided by 168?
40
What is the remainder when 148 is divided by 15?
13
What is the remainder when 330 is divided by 21?
15
What is the remainder when 977 is divided by 320?
17
What is the remainder when 241 is divided by 43?
26
What is the remainder when 203 is divided by 12?
11
What is the remainder when 769 is divided by 190?
9
What is the remainder when 397 is divided by 50?
47
Calculate the remainder when 1573 is divided by 162.
115
Calculate the remainder when 15841 is divided by 4.
1
What is the remainder when 25 is divided by 14?
11
Calculate the remainder when 934 is divided by 26.
24
What is the remainder when 159 is divided by 47?
18
What is the remainder when 247 is divided by 106?
35
What is the remainder when 5552 is divided by 616?
8
What is the remainder when 283 is divided by 22?
19
What is the remainder when 151 is divided by 33?
19
What is the remainder when 1148 is divided by 48?
44
What is the remainder when 312 is divided by 86?
54
What is the remainder when 5274 is divided by 1755?
9
What is the remainder when 304 is divided by 37?
8
Calculate the remainder when 1816 is divided by 25.
16
What is the remainder when 955 is divided by 133?
24
Calculate the remainder when 552 is divided by 15.
12
Calculate the remainder when 988 is divided by 91.
78
What is the remainder when 433 is divided by 26?
17
What is the remainder when 434 is divided by 29?
28
Calculate the remainder when 1766 is divided by 23.
18
What is the remainder when 373 is divided by 117?
22
Calculate the remainder when 2818 is divided by 13.
10
What is the remainder when 59 is divided by 45?
14
What is the remainder when 1570 is divided by 75?
70
Calculate the remainder when 289 is divided by 72.
1
Calculate the remainder when 38 is divided by 13.
12
What is the remainder when 49 is divided by 25?
24
What is the remainder when 252 is divided by 15?
12
What is the remainder when 313 is divided by 53?
48
Calculate the remainder when 121 is divided by 57.
7
Calculate the remainder when 121 is divided by 53.
15
Calculate the remainder when 648 is divided by 131.
124
Calculate the remainder when 7747 is divided by 27.
25
Calculate the remainder when 587 is divided by 197.
193
Calculate the remainder when 112 is divided by 9.
4
What is the remainder when 176 is divided by 70?
36
What is the remainder when 96 is divided by 68?
28
Calculate the remainder when 104 is divided by 12.
8
Calculate the remainder when 103 is divided by 13.
12
Calculate the remainder when 307 is divided by 104.
99
What is the remainder when 90 is divided by 19?
14
What is the remainder when 4358 is divided by 218?
216
Calculate the remainder when 164 is divided by 118.
46
What is the remainder when 426 is divided by 63?
48
What is the remainder when 666 is divided by 105?
36
What is the remainder when 98 is divided by 22?
10
What is the remainder when 9501 is divided by 3163?
12
What is the remainder when 698 is divided by 11?
5
Calculate the remainder when 8202 is divided by 51.
42
Calculate the remainder when 675 is divided by 20.
15
Calculate the remainder when 1024 is divided by 79.
76
Calculate the remainder when 254 is divided by 16.
14
Calculate the remainder when 981 is divided by 300.
81
What is the remainder when 993 is divided by 51?
24
What is the remainder when 82 is divided by 75?
7
Calculate the remainder when 965 is divided by 321.
2
Calculate the remainder when 673 is divided by 14.
1
What is the remainder when 1308 is divided by 69?
66
Calculate the remainder when 59 is divided by 47.
12
Calculate the remainder when 629 is divided by 21.
20
Calculate the remainder when 129 is divided by 85.
44
What is the remainder when 1265 is divided by 29?
18
Calculate the remainder when 203 is divided by 54.
41
What is the remainder when 63 is divided by 16?
15
Calculate the remainder when 163 is divided by 29.
18
Calculate the remainder when 108 is divided by 11.
9
Calculate the remainder when 9687 is divided by 7.
6
What is the remainder when 23 is divided by 7?
2
Calculate the remainder when 152 is divided by 53.
46
Calculate the remainder when 516 is divided by 10.
6
What is the remainder when 277 is divided by 81?
34
Calculate the remainder when 3197 is divided by 45.
2
Calculate the remainder when 103 is divided by 15.
13
Calculate the remainder when 462 is divided by 64.
14
Calculate the remainder when 929 is divided by 78.
71
Calculate the remainder when 3382 is divided by 12.
10
Calculate the remainder when 670 is divided by 131.
15
What is the remainder when 329 is